))?
-64
56 + 30 - 53 - 84
-51
Calculate -146 + 402 + -254 + -88 + 1.
-85
What is 7 + 4 + 2 + -88 + (7 - (33 - 14))?
-87
-12 - (10 + (-18 - -8) + -17 + -7 - -3)
9
133 - (75 - 7) - 82
-17
Evaluate 2 + -5 + -66 + 10 + -7.
-66
What is the value of 14 + 115 + -12 + -65?
52
Evaluate (44 - (1 + 0)) + (-506 - (74 + -570)).
33
(11 - -4 - (128 + -122)) + -10
-1
What is (-85 - -17) + 67 - (4 + 5 + -10)?
0
What is (47 - 1 - 1) + -3009 + 3008?
44
10 - (9 + -7 + 24 + 10)
-26
Calculate 4 + (10 - -5) + (-191 - -179) - 56.
-49
What is -14 + 5 + 2 + 1 + 21 + 26 + -51?
-10
-2 + (38 - 17 - 23) - (2 - 18)
12
What is the value of (0 + 39 - 1) + (432 - 221) + -224?
25
What is the value of (-2 - (-5 + 9)) + -2 + 8 + -6 - -3?
-3
Evaluate 2 - -19 - (-29 - (77 - 117)).
10
What is the value of (-18 - (-34 - (18 + -35))) + -7?
-8
Calculate 4378 + -4482 + -1 + 23 + -1.
-83
Calculate -2 + -7 + (7 - 2) + -38 + (-43 - -187).
102
Calculate (-1 - -1) + -19 - 58 - -1.
-76
What is (-13 + -27 - -1) + 5 + 18 + -16?
-32
What is (1 - 3 - -10) + -43 + 16 + -20?
-39
Evaluate (-69 + 0 - (120 + -70 - 54)) + 14.
-51
What is -20 - (7 + -21) - (-80 + 0 + -8)?
82
-47 + (0 - 16 - (2 - 0)) + 19
-46
What is the value of (-12 - (1 + -3)) + (89 + 79 - 215)?
-57
What is 61 - 132 - (1 - 14) - (10 + -16)?
-52
What is the value of -57 - (-7 + 31 + -13 - -2)?
-70
What is (29 - (-5 + -5)) + -25?
14
Evaluate 10 + -2 - (6 + (56 - 0) + (170 - 183)).
-41
What is the value of -29 + 41 + -92 + 44?
-36
What is -4 - ((-2 - (-18 - -8) - 5) + -4)?
-3
What is the value of 27 + 1 - (83 + 96 + -84)?
-67
What is the value of 436 + -500 - (-13 - 4)?
-47
What is the value of -6 + -5 + (-35 - -1 - -12)?
-33
-3 + 6 + (-35 + 70 - (-1 - (-9 + 6)))
36
Calculate 61 + -67 + (4 + 2 - 10).
-10
What is the value of -32 - (49 - 39) - -34 - -69?
61
Calculate -7 - (7 - 4 - (31 + -29)).
-8
Evaluate (28 - 13) + (-11 - 75) + -12.
-83
Calculate (-18 - (12 + -12 + 2)) + 39.
19
Calculate -24 - (-24 - -106 - 131).
25
What is (-19 - 66) + (40 - 28 - (3 + 2))?
-78
Evaluate (-2 - 35) + 0 - ((8 - 8) + -1 + -6).
-30
Evaluate (94 - 1) + (3155 - 3184).
64
What is -18 + (-100 - -84 - (-12 - 5)) + -91?
-108
(16 + (0 - 25) - 9) + -6
-24
What is -25 - ((112 - 52) + -47)?
-38
Evaluate (-13 - (-3 + -1)) + 80 + -12.
59
Evaluate (110 + -16 - 54) + 32.
72
-19 + 122 + (-1 + -6 - ((-12 - 6) + 11))
103
Evaluate (1 - 6 - -2 - (-16 + 15)) + (103 - 22).
79
-9 + -13 + (0 + 28 - -5) + 32 + 1
44
What is the value of (13 - (65 + 9)) + -4 + 5?
-60
-75 + 84 + -102 + 40
-53
Evaluate -49 - (15 - (6 + (-10 - -9) + 8)).
-51
767 + -816 + (13 + -2 - 1)
-39
-3 + (-3 - -34) + -3 + (928 - 921)
32
16 + -1 - (-10 + -1 + 1 + (-726 - -639))
112
(-7 - -9 - -6) + 4 + -10 + -9
-7
What is -7 + (-7 - -14 - (-5 + (36 - 0)))?
-31
Evaluate 29 - (15 + (-20 - -24)).
10
What is 6 + -31 + (-34 - -46) + (0 - -1) + 45?
33
Calculate -18 + (16 - 13) - (-32 + 5) - 6.
6
60 - (18 - 36) - (0 - (-24 + 4))
58
-216 + 219 - (4 + (20 + -3 - 0))
-18
What is the value of (-112 - -85) + 122 - (0 - (4 + 0 + 0))?
99
(-93 + 31 + 62 - (0 + 22)) + -10 + 3
-29
What is the value of -25 - (30 - (-40 + 96))?
1
Calculate 1 + 12 + (-74 - (75 - 68)).
-68
Calculate (-9 - (9 - -28)) + (297 - 142).
109
Evaluate 0 + 84 + ((-46 - -16 - -19) + 17 - 10).
80
What is the value of -1 + -38 + 1 + 46?
8
What is 4 - (5 - -18) - (27 + 3 + -17)?
-32
-1 + -19 - (-26 - (-22 - -30) - -20)
-6
Calculate -4 + -4 + (12 - -5 - 12 - 3).
-6
What is -2 + (1 - 4) + (-27 - (14 + -37)) + -46?
-55
What is 2 + -12 + 6 + (190 - 186) + (-38 - -1)?
-37
What is the value of (1 - (-15 - -9 - -45)) + 15 + -7?
-30
Evaluate 0 + (-38 - -21) - -51 - -17.
51
Evaluate 0 - -37 - (-101 + 182 - 84).
40
Calculate (-8 - (71 + -34)) + -13.
-58
Calculate 5 - -68 - (-305 + 352).
26
Evaluate (1119 - 1041) + 1 + -50.
29
What is the value of 67 + 55 - (-3 - (-14 - -11) - -9)?
113
Evaluate -15 + 29 + -16 + (59 - 65).
-8
Evaluate 51 - 0 - (-33 - (0 + 0) - (4018 - 4066)).
36
What is the value of (-3 - ((-20 - 3) + 18)) + (4 - (-1 - -9))?
-2
Evaluate (35 - -1) + -169 + 150 - (8 - -98).
-89
What is 0 + -64 + (-6 + -2 - -4) - (-409 - -416)?
-75
What is 99 - 212 - (-50 - 20)?
-43
What is -2 + ((4 - -1) + -2 - (-4 + 35 - -48))?
-78
79 + (2 + -7 - (-22 - (31 + -62)))
65
What is the value of -15 + 63 + -43 + (61 - (-10 - -7))?
69
Evaluate 6 + (37 - (4 + 11) - -10 - -10).
48
What is the value of (-4 - 0) + 66 + (-60 - -31)?
33
(9 - -17) + -5 - 11 - 6 - 13 - 49
-58
Evaluate 0 + 1 - -10 - (-180 + 127 + 53).
11
What is the value of 1 - 0 - (14 - (-2 + 13 + (-202 - -186)))?
-18
What is -10 - (42 + -47 + 65)?
-70
Evaluate -188 + 292 - (7 - -47).
50
What is (-17 - ((-15 - -1) + 56)) + -17 + (20 - 8)?
-64
What is (-44 - 0) + (-4543 - -4599)?
12
Calculate (-2 - (-34 - -11)) + 4 + 0.
25
Evaluate (5 - (-16 - 2) - 16) + (1 + -75 - 0).
-67
What is 7 + -4 + -50 + -19 + (7 - 5 - -5)?
-59
Evaluate (-1 - (1 + 4)) + 105 + -110.
-11
What is -50 + -46 + 69 + 12 - 35?
-50
Calculate (0 + 11 - (-40 + 55) - -9) + 52.
57
Calculate (-13 - -9 - 1) + 11 + 5 - 50.
-39
(-13 - 0) + -24 + 3 + 0 + (305 - 249)
22
(6 - (14 - -9 - -12)) + 115
86
Calculate 102 - 1 - (-39 + (-76 - -63) - -68).
85
What is (1 - (-1 - 1)) + (-5 - 94) + 23?
-73
6 + (-52 - 16 - -35 - 71)
-98
What is (-7645 - -7673) + 6 + 0?
34
-31 - (-34 - (-29 + 12))
-14
Evaluate 104 + -136 + 20 + -11 + 27.
4
Evaluate 118 + -285 + 198 + (-44 - -1).
-12
Calculate -26 + -9 - (-9 - (12 + 10 + -15)).
-19
Evaluate -12 + 42 + -18 + 0 + -28.
-16
What is the value of 0 + (-12 - -1) + (-13 - (-12 - 5)) + -6?
-13
-50 - ((4 - 51) + -10)
7
What is 37 - (-10 + 3 + (14 + 1 - -10) + -12)?
31
Evaluate -21 - (13 + -29 + -15) - 19 - 124.
-133
What is the value of ((0 - -3) + -16 + (-50 - 46) - -13) + 4?
-92
What is the value of 118 - 51 - (-8 + 4)?
71
Evaluate (-6 - -10 - 14 - -12) + -8 - -3.
-3
Calculate -16 - -9 - (0 - -3 - 2) - (-891 - -888).
-5
Calculate (12 + 20 - 24) + -38 + -3.
-33
What is the value of 3 - 20 - ((64 - 52) + 2)?
-31
What is 13 - (-12 - -24) - (1 - -4 - (-50 + 59))?
5
Calculate 27 + -17 + 5 + -15.
0
Evaluate 74 - (-28 - -13 - -22 - -10).
57
Calculate 151 + (71 - (237 + -73)).
58
Calculate -26 + 47 - (13 + -37 + -21).
66
42 + (1 + 7 + 6 - 28)
28
-11 + 56 + -71 + 112
86
Calculate 141 - (108 + -91) - (2 + 0 + 21).
101
What is -3 - (-8 - -13) - (-243 + 124)?
111
Calculate (-37 - (10 + (-15 - (1 + 14 - 6)))) + -9.
-32
What is (4 + 11 - 6) + -20 + 59?
48
What is -67 + 57 + (-54 - -43)?
-21
Evaluate (-22 - -56) + (20 - (148 - -9)).
-103
Calculate 9 + -2 - (-1 + -89 + 0 - (325 - 346)).
76
Evaluate -228 - -271 - (-22 + 9 + -59).
115
Evaluate (15 - 0) + -3 + -14.
-2
-13 + -1 - (-12 + (10 - 11) - 17)
16
What is the value of 6 + -10 + (-9 - 5 - (-14 + 4))?
-8
Calculate 15 - (10 + (16 - (4 - -23))) - -51.
67
What is the value of -6 + (-4 + -11 + 6 + -3 - -9)?
-9
Calculate 17 + (-7 - -4) + 36 + -123.
-73
What is the value of (-1 - 12) + (142 + -118 - (2 + -22))?
31
What is the value of 3 + (10 - 14) - -13 - -3 - (-1 - -9)?
7
(-147 - -141) + (54 - 1 - (2 + 4 + -3))
44
Evaluate -3 + (-7 - -2) - ((-3 - 7) + 20).
-18
What is (-41 - (-1 - -10 - 19)) + 42?
11
What is the value of -16 + (31 - (48 + -49))?
16
Evaluate 30 - (((-5 - -13) + 4 - 13) + -5 + 1).
35
What is 277 + -269 - (-9 + 8 + -14)?
23
What is the value of -87 + -8 - (32 - (-17 - -55))?
-89
Calculate 35 - (-17 + -66 + 102).
16
What is the value of 4 + -5 + (0 - (0 + 120)) + (-1645 - -1658)?
-108
(27 - 10 - 5) + -3 - 20 - 24
-35
What is the value of -59 + (50 - 34) - -27?
-16
(-14 + -6 - 43) + (12 - -8)
-43
What is the value of 33 - ((-6 - (-2 - 4)) + 15 + -5)?
23
Calculate -202 + (-94 - (-100 - 140)).
-56
What is the value of 32 - (-26 + 14 - (12 + -7 - 4 - 9))?
36
(-14 + 43 - 17 - -77) + 6 + 4
99
Evaluate 4 + (11 - 10) - ((1 + -3 - 1) + -74).
82
68 - (138 + 27 + -78)
-19
What is the value of -11 + 7 - (68 + -37 + 11)?
-46
What is -50 - ((1 - (15 + -14) - 1) + 7)?
-56
What is -116 + (-28 - -165) - (-1 - (2 + -1))?
23
What is the value of 2 - 8 - ((66 - 21) + -22 - (24 + -9))?
-14
What is the value of (19 - 4) + -63 + 55 - -4?
11
(49 - 15) + -612 + 664
86
What is the value of 6 + (-8 + (5 + -11 - -4) - 56)?
-60
What is the value of -96 + 45 - -55 - (21 + -7)?
-10
Evaluate 15 + -1 - (2 - (5 - 19) - 12) - 1